n**5/30 - 17*n**4/24 - 5*n**3/6 - 2*n**2. What is the units digit of p(a)?
4
Let m(l) = 10*l**3 - 2*l. Let x be m(2). Suppose -5*y + 24 = -x. Suppose 0 + y = a. What is the tens digit of a?
2
Let w = 2154 - 1779. What is the hundreds digit of w?
3
Suppose -4*q + 329 = 2*d - 233, 0 = 3*d - 2*q - 883. What is the hundreds digit of d?
2
Suppose p = -2*d + 1192, -3*p - 5*d = -7*d - 3584. What is the thousands digit of p?
1
Let p(j) = 1. Let x(g) = g - 6. Let b(d) = 24*p(d) + 3*x(d). What is the tens digit of b(4)?
1
Let y(g) = -5*g**2 - g + 2. Let j be y(1). Let n(r) = -8*r**2 + 5*r - 4. Let z(t) = -t**2. Let w(b) = j*z(b) - n(b). What is the tens digit of w(2)?
4
Suppose 3*g - 249 = -2*a, 0*g + g + a - 84 = 0. Suppose 2*v + 0 - g = 3*p, 2*p = 10. What is the units digit of v?
8
Suppose -n = 5, 5*x - n + 9 - 29 = 0. Suppose 0*q = 2*q - x*u - 62, 4*q = -u + 110. What is the tens digit of q?
2
Suppose 48*u = 43*u + 2670. What is the units digit of u?
4
Suppose -2*a + 3*m = 3*a + 2, 6 = -5*a + 4*m. Let n be 1*357/(-17)*1/(-3). Suppose g + x = 27, 3*g - a*x + n*x = 71. What is the tens digit of g?
3
Let n be (-8)/6 + 40/12. Suppose 38 = n*c - 74. What is the tens digit of c?
5
Suppose -9 = 2*b - 5*b. Suppose -3*q - 101 - 235 = -4*o, 227 = b*o + 4*q. What is the tens digit of o?
8
Let b = 2783 - 1370. What is the hundreds digit of b?
4
Let h(q) = 9 + 4*q**2 - 3 - 3*q**2 + 15*q - 5*q. Let k be h(-10). Suppose 4*s - 83 = -5*o, k*o + 22 = 2*s + 2*o. What is the tens digit of s?
1
Suppose 2*s - 327 = 583. Suppose 0 = 3*v, -3*v - s = -5*t + v. What is the units digit of t?
1
Let d = 9 + 44. Let r = d - -1. What is the units digit of r?
4
Suppose -v + 1 = -3*o + 3, 2*v - 4 = 2*o. Suppose -4*m + 51 + 81 = -v*x, 0 = 2*m - 4*x - 70. What is the units digit of m?
1
Suppose -82 = 5*q + 98. Let j = -81 - -67. Let m = j - q. What is the tens digit of m?
2
Let j(h) = -h**2 - 9*h - 15. Let w be j(-6). Let l(c) = 0*c + c**3 + w - 7 + 2*c + 6*c**2 - 5. What is the tens digit of l(-4)?
1
Suppose -2*p + 176 = -106. What is the units digit of p?
1
Suppose -719*a = -728*a + 43389. What is the units digit of a?
1
Suppose 4*n - 4*y = 3952, -5*n = 5*y + 188 - 5178. What is the hundreds digit of n?
9
Let w(a) = -a**2 + 30*a - 42. Let d be w(28). Suppose 0 = d*t - 22*t + 1912. What is the tens digit of t?
3
Suppose -102 = 63*o - 65*o. What is the tens digit of 3 + o - (4 - 8)?
5
Suppose -4 = 5*x - 7*x. Suppose i - 5*k = 16, -x*i - 2*i - 5*k = -164. What is the tens digit of i?
3
Suppose -58*r + 69*r = 7194. What is the units digit of r?
4
Suppose 3 - 5 = -2*y. What is the tens digit of -8*(1 + (-5 - y))?
4
Let d(p) = 2*p**3 - 2*p**2 + p. Let f be d(1). Let q = f + 1. Suppose 35 = q*r - 7. What is the units digit of r?
1
Let y(u) = -u - 1002. Let l be y(0). Let i be (-7)/(-35) - l/(-10). Let r = i - -142. What is the tens digit of r?
4
Let p be (-56)/(4/6*-1). Suppose 4*d + 5*b + 90 = 0, 5*b - 51 = 5*d + p. Let t = d - -86. What is the tens digit of t?
6
Suppose 0 = -10*q + 20*q - 80. Let h = 11 + 2. Let o = h + q. What is the tens digit of o?
2
Let o(y) be the first derivative of y**2 - 19*y + 5. Let i be o(14). Suppose -140 = -i*t + 4*t + 2*r, 20 = -4*r. What is the units digit of t?
6
Let y be 460/8 - ((-1)/2 + 1). Suppose -6*w + y = -69. What is the units digit of w?
1
What is the units digit of (-17796)/(-30) + 2/(-10)?
3
Let j(b) = -15*b - 130. Let l be j(-9). Let u(a) = 3*a. Let p be u(1). Suppose l = -p*i + 23. What is the units digit of i?
6
Let h(y) = y**3 + 10*y**2 + 3*y - 5. Let i be h(-10). Let n = -4 - i. Let m = -4 + n. What is the tens digit of m?
2
Suppose -3*s - 8 = g, 3*g + 6 = -g + s. Let q(r) = -9*r + 6. What is the tens digit of q(g)?
2
Let r(y) = -2*y**3 - 6*y**2 + 6*y - 8. Let t be r(-7). What is the tens digit of ((-6)/9)/((-3)/t)?
7
Suppose -y + 1 = -5*t + 3, t = -4*y - 71. What is the tens digit of (y - 0)/(-10 - -9)?
1
What is the tens digit of (-11 + -709)*18/(-30)?
3
Let z be -1 - 4/8*-4. Let t be ((-242)/11)/(z/2). What is the units digit of (-12)/(-3 + (-124)/t)?
6
Let t(h) = 11*h - 12. Let b be t(4). Suppose p + 2*p = -4*x + 13, -2*x - b = -2*p. What is the tens digit of p?
1
Let g be 0/3 + 2/2. Let f be -3 + g - -2 - -90. Let o = f + -47. What is the units digit of o?
3
Let l(a) = 4*a**2 + 4*a + 3. Let u be l(-3). Let h = -59 + u. Let j = 48 + h. What is the tens digit of j?
1
What is the hundreds digit of 23900/5 - 5 - (-70)/10?
7
Suppose -14*u - 25218 = -20*u. What is the thousands digit of u?
4
Let q(a) = -a**3 + 7*a**2 - 6*a + 4. Let r be 1 - 9/(-3) - -2. Let f be q(r). Suppose -l + 33 = u, f*l + 100 = -u + 5*u. What is the units digit of u?
9
What is the tens digit of 21/((-504)/(-11360)) - 2/6?
7
Let t(d) = -6*d - 22. Let s be t(-4). Suppose 3*o - 14 = -x, 0 = -x - 0*x + s*o + 29. What is the units digit of x?
3
Let s(r) = 4*r**2 - 4*r - 22. What is the hundreds digit of s(15)?
8
Let t(y) = -123*y + 30. Let o be t(-7). Suppose 4*k + 5*v = 1314, -3*k - 2*v + o = -91. What is the tens digit of k?
2
Suppose 0*y + 2*y + 5*l = 2001, -3*l = 4*y - 4023. What is the thousands digit of y?
1
Let y(b) = -3*b + 54. Let x be y(15). Suppose -321 = -x*j + 480. What is the units digit of j?
9
Suppose z - 10 = -3. Suppose -z*s = -9*s. Let l(u) = -u + 14. What is the tens digit of l(s)?
1
Let y(b) = b**3 - 27*b**2 - 184*b - 80. What is the units digit of y(34)?
6
Suppose 0 = 2*o - 3363 - 6471. What is the hundreds digit of o?
9
Suppose -5*r + 101 - 21 = 0. Let v(n) = n - 12. Let g be v(r). Suppose 2*w - 3*w - 212 = -3*u, -3*u = g*w - 187. What is the tens digit of u?
6
Let o(s) = -s**3 + 4*s**2 - 2*s + 2. Let c = -20 + 23. What is the units digit of o(c)?
5
Suppose -4*w - 4 + 12 = 0. Let t(c) = 13*c - 4. Let m be t(w). What is the tens digit of m - (-4)/8*4?
2
Let v = 38 - -77. Let s = 196 - v. What is the units digit of s?
1
Suppose 65*a = 53*a + 56496. What is the thousands digit of a?
4
Let v be 1 - 47 - -1 - (-2 + 5). Suppose 5*f + 184 = 3*n, 3*n - n + f = 140. Let l = v + n. What is the units digit of l?
0
Let u(k) = k**2 - 19*k + 10. Let m be u(19). Let n(t) = 2*t**2 - 12*t - 18. What is the units digit of n(m)?
2
Suppose -42*p + 1371 = -39*p. What is the hundreds digit of p?
4
Let g(z) = -z**3 - 17*z**2 + 18*z + 11. Let d(r) = r**3 - 10*r**2 + 7*r. Let q be d(9). Let s be g(q). Let u = s + 24. What is the units digit of u?
5
Let j(y) = -4*y - 8. Suppose 103 = -0*k + 5*k - z, -z + 86 = 4*k. Suppose 7 = -4*g - k. What is the units digit of j(g)?
0
Let j be (2/7 - 0)/(1/469). Suppose -3*q - j + 581 = 0. What is the hundreds digit of q?
1
Let z = -2152 - -4198. Suppose -4*u = 7*u - z. What is the tens digit of u?
8
Suppose 4*t - 6*t = -10. Suppose -235 = -5*l + t*x, -l + 3*x - 7*x = -52. What is the units digit of l?
8
Let r be 8538/8 - (-18)/24. What is the tens digit of (4/6)/(8/r)?
8
Suppose 2*b - 483 = -l, -3*l - 2*l = 3*b - 2401. What is the units digit of l?
9
Suppose -6*a - 5766 = -5*p - 5*a, -5790 = -5*p - 5*a. What is the tens digit of p?
5
Let o be (1/2)/(2/12) - -16. Suppose o = -m + 115. What is the tens digit of m?
9
What is the hundreds digit of (-6)/11 - 222517/(-319)?
6
Let t(p) = -p + 23. Let l be t(-17). Suppose -i = -l - 29. What is the tens digit of i?
6
Let p = -328 - -5989. What is the thousands digit of p?
5
Suppose 7*s + 49846 = -4593. What is the tens digit of 4/14 + (-4 - s/49)?
5
Suppose 4*j - 74 = -5*k - 12, 0 = -2*k + 2*j + 14. What is the units digit of -15*((-20)/k)/(1*5)?
6
Suppose -18*z = 4*z - 9812. What is the units digit of z?
6
Let s(g) = 3*g**3 + 5*g**2 - 5*g - 6. What is the hundreds digit of s(5)?
4
Suppose -5490 = -15*p - 15*p. What is the tens digit of p?
8
Let v(t) = -7 - 1 + 3 - 4*t - 12. Let i be v(-5). Suppose 0 = i*c + 2*c - 155. What is the units digit of c?
1
Suppose 5*l = 3*l. Let u(i) = -2*i + 35. What is the tens digit of u(l)?
3
Suppose -17*z - 3*f = -21*z + 10543, 0 = 3*z - 4*f - 7902. What is the thousands digit of z?
2
Let h = -582 + 1470. Suppose -b + 6*b = 2*n + h, 0 = -5*b - 4*n + 894. What is the tens digit of b?
7
Let p(o) = 139*o - 112. What is the tens digit of p(7)?
6
Let c(m) = m**3 - 7*m**2 - 4*m + 4. Let j be (1 - 0) + 2 - -5. Let h be c(j). Suppose h = 4*y - 44. What is the tens dig